{"id":2139,"date":"2025-09-18T01:18:21","date_gmt":"2025-09-17T23:18:21","guid":{"rendered":"https:\/\/funerar.com.ar\/demo\/?page_id=2139"},"modified":"2025-09-18T01:18:58","modified_gmt":"2025-09-17T23:18:58","slug":"politicas-de-privacidad","status":"publish","type":"page","link":"https:\/\/funerar.com.ar\/demo\/politicas-de-privacidad\/","title":{"rendered":"Politicas de Privacidad"},"content":{"rendered":"\t\t<div data-elementor-type=\"wp-page\" data-elementor-id=\"2139\" class=\"elementor elementor-2139\" data-elementor-settings=\"{&quot;element_pack_global_tooltip_width&quot;:{&quot;unit&quot;:&quot;px&quot;,&quot;size&quot;:&quot;&quot;,&quot;sizes&quot;:[]},&quot;element_pack_global_tooltip_width_tablet&quot;:{&quot;unit&quot;:&quot;px&quot;,&quot;size&quot;:&quot;&quot;,&quot;sizes&quot;:[]},&quot;element_pack_global_tooltip_width_mobile&quot;:{&quot;unit&quot;:&quot;px&quot;,&quot;size&quot;:&quot;&quot;,&quot;sizes&quot;:[]},&quot;element_pack_global_tooltip_padding&quot;:{&quot;unit&quot;:&quot;px&quot;,&quot;top&quot;:&quot;&quot;,&quot;right&quot;:&quot;&quot;,&quot;bottom&quot;:&quot;&quot;,&quot;left&quot;:&quot;&quot;,&quot;isLinked&quot;:true},&quot;element_pack_global_tooltip_padding_tablet&quot;:{&quot;unit&quot;:&quot;px&quot;,&quot;top&quot;:&quot;&quot;,&quot;right&quot;:&quot;&quot;,&quot;bottom&quot;:&quot;&quot;,&quot;left&quot;:&quot;&quot;,&quot;isLinked&quot;:true},&quot;element_pack_global_tooltip_padding_mobile&quot;:{&quot;unit&quot;:&quot;px&quot;,&quot;top&quot;:&quot;&quot;,&quot;right&quot;:&quot;&quot;,&quot;bottom&quot;:&quot;&quot;,&quot;left&quot;:&quot;&quot;,&quot;isLinked&quot;:true},&quot;element_pack_global_tooltip_border_radius&quot;:{&quot;unit&quot;:&quot;px&quot;,&quot;top&quot;:&quot;&quot;,&quot;right&quot;:&quot;&quot;,&quot;bottom&quot;:&quot;&quot;,&quot;left&quot;:&quot;&quot;,&quot;isLinked&quot;:true},&quot;element_pack_global_tooltip_border_radius_tablet&quot;:{&quot;unit&quot;:&quot;px&quot;,&quot;top&quot;:&quot;&quot;,&quot;right&quot;:&quot;&quot;,&quot;bottom&quot;:&quot;&quot;,&quot;left&quot;:&quot;&quot;,&quot;isLinked&quot;:true},&quot;element_pack_global_tooltip_border_radius_mobile&quot;:{&quot;unit&quot;:&quot;px&quot;,&quot;top&quot;:&quot;&quot;,&quot;right&quot;:&quot;&quot;,&quot;bottom&quot;:&quot;&quot;,&quot;left&quot;:&quot;&quot;,&quot;isLinked&quot;:true}}\" data-elementor-post-type=\"page\">\n\t\t\t\t<div class=\"elementor-element elementor-element-815afdc e-flex e-con-boxed e-con e-parent\" data-id=\"815afdc\" data-element_type=\"container\" data-e-type=\"container\">\n\t\t\t\t\t<div class=\"e-con-inner\">\n\t\t\t\t<div class=\"elementor-element elementor-element-83809a7 elementor-widget elementor-widget-text-editor\" data-id=\"83809a7\" data-element_type=\"widget\" data-e-type=\"widget\" data-widget_type=\"text-editor.default\">\n\t\t\t\t<div class=\"elementor-widget-container\">\n\t\t\t\t\t\t\t\t\t<h3>Pol\u00edticas de Privacidad<\/h3><p>\u00a0<\/p><hr \/><p>La privacidad de nuestros usuarios es de suma importancia. A continuaci\u00f3n, detallamos c\u00f3mo manejamos tu informaci\u00f3n personal.<\/p><p><b>1. Aceptaci\u00f3n de las pol\u00edticas<\/b><\/p><p>Al utilizar nuestro marketplace y\/o registrarte en \u00e9l, aceptas las condiciones de estas pol\u00edticas de privacidad. En caso de no estar de acuerdo, por favor, abstente de utilizar la plataforma.<\/p><p><b>2. Recolecci\u00f3n de informaci\u00f3n<\/b><\/p><p>Recolectamos informaci\u00f3n personal que nos proporcionas directamente, as\u00ed como informaci\u00f3n que se genera autom\u00e1ticamente al interactuar con nuestra plataforma. Esto incluye:<\/p><ul><li><p><b>Informaci\u00f3n que nos das:<\/b> Al registrarte, realizar una compra o contactarnos.<\/p><\/li><li><p><b>Informaci\u00f3n generada por el uso:<\/b> Datos de navegaci\u00f3n y comportamiento dentro de Galeria Fadedsfya.<\/p><\/li><\/ul><p><b>3. Uso de la informaci\u00f3n<\/b><\/p><p>Utilizamos la informaci\u00f3n recolectada para:<\/p><ul><li><p>Operar y mejorar nuestros servicios.<\/p><\/li><li><p>Personalizar tu experiencia de compra.<\/p><\/li><li><p>Comunicarnos contigo sobre tu cuenta y tus pedidos.<\/p><\/li><li><p>Analizar el uso de la plataforma para fines estad\u00edsticos.<\/p><\/li><\/ul><p><b>4. Confidencialidad de la informaci\u00f3n<\/b><\/p><p>Mantenemos la confidencialidad de la informaci\u00f3n de nuestros usuarios y solo la compartimos con terceros en las circunstancias detalladas en nuestras pol\u00edticas de protecci\u00f3n de datos, siempre con el fin de mejorar tu experiencia o cumplir con la ley.<\/p><p><b>5. Enlaces a sitios de terceros<\/b><\/p><p>Nuestro sitio puede contener enlaces a otros sitios web. No nos hacemos responsables de las pr\u00e1cticas de privacidad de dichos sitios. Te recomendamos leer sus pol\u00edticas de privacidad antes de interactuar con ellos.<\/p>\t\t\t\t\t\t\t\t<\/div>\n\t\t\t\t<\/div>\n\t\t\t\t\t<\/div>\n\t\t\t\t<\/div>\n\t\t\t\t<\/div>\n\t\t","protected":false},"excerpt":{"rendered":"<p>Pol\u00edticas de Privacidad \u00a0 La privacidad de nuestros usuarios es de suma importancia. A continuaci\u00f3n, detallamos c\u00f3mo manejamos tu informaci\u00f3n personal. 1. Aceptaci\u00f3n de las pol\u00edticas Al utilizar nuestro marketplace y\/o registrarte en \u00e9l, aceptas las condiciones de estas pol\u00edticas de privacidad. En caso de no estar de acuerdo, por favor, abstente de utilizar la [&hellip;]<\/p>\n","protected":false},"author":1,"featured_media":0,"parent":0,"menu_order":0,"comment_status":"closed","ping_status":"closed","template":"","meta":{"site-sidebar-layout":"no-sidebar","site-content-layout":"page-builder","ast-site-content-layout":"full-width-container","site-content-style":"default","site-sidebar-style":"default","ast-global-header-display":"","ast-banner-title-visibility":"","ast-main-header-display":"","ast-hfb-above-header-display":"","ast-hfb-below-header-display":"","ast-hfb-mobile-header-display":"","site-post-title":"disabled","ast-breadcrumbs-content":"","ast-featured-img":"disabled","footer-sml-layout":"","ast-disable-related-posts":"","theme-transparent-header-meta":"","adv-header-id-meta":"","stick-header-meta":"","header-above-stick-meta":"","header-main-stick-meta":"","header-below-stick-meta":"","astra-migrate-meta-layouts":"set","ast-page-background-enabled":"default","ast-page-background-meta":{"desktop":{"background-color":"var(--ast-global-color-4)","background-image":"","background-repeat":"repeat","background-position":"center center","background-size":"auto","background-attachment":"scroll","background-type":"","background-media":"","overlay-type":"","overlay-color":"","overlay-opacity":"","overlay-gradient":""},"tablet":{"background-color":"","background-image":"","background-repeat":"repeat","background-position":"center center","background-size":"auto","background-attachment":"scroll","background-type":"","background-media":"","overlay-type":"","overlay-color":"","overlay-opacity":"","overlay-gradient":""},"mobile":{"background-color":"","background-image":"","background-repeat":"repeat","background-position":"center center","background-size":"auto","background-attachment":"scroll","background-type":"","background-media":"","overlay-type":"","overlay-color":"","overlay-opacity":"","overlay-gradient":""}},"ast-content-background-meta":{"desktop":{"background-color":"var(--ast-global-color-5)","background-image":"","background-repeat":"repeat","background-position":"center center","background-size":"auto","background-attachment":"scroll","background-type":"","background-media":"","overlay-type":"","overlay-color":"","overlay-opacity":"","overlay-gradient":""},"tablet":{"background-color":"var(--ast-global-color-5)","background-image":"","background-repeat":"repeat","background-position":"center center","background-size":"auto","background-attachment":"scroll","background-type":"","background-media":"","overlay-type":"","overlay-color":"","overlay-opacity":"","overlay-gradient":""},"mobile":{"background-color":"var(--ast-global-color-5)","background-image":"","background-repeat":"repeat","background-position":"center center","background-size":"auto","background-attachment":"scroll","background-type":"","background-media":"","overlay-type":"","overlay-color":"","overlay-opacity":"","overlay-gradient":""}},"footnotes":""},"class_list":["post-2139","page","type-page","status-publish","hentry"],"_links":{"self":[{"href":"https:\/\/funerar.com.ar\/demo\/wp-json\/wp\/v2\/pages\/2139","targetHints":{"allow":["GET"]}}],"collection":[{"href":"https:\/\/funerar.com.ar\/demo\/wp-json\/wp\/v2\/pages"}],"about":[{"href":"https:\/\/funerar.com.ar\/demo\/wp-json\/wp\/v2\/types\/page"}],"author":[{"embeddable":true,"href":"https:\/\/funerar.com.ar\/demo\/wp-json\/wp\/v2\/users\/1"}],"replies":[{"embeddable":true,"href":"https:\/\/funerar.com.ar\/demo\/wp-json\/wp\/v2\/comments?post=2139"}],"version-history":[{"count":4,"href":"https:\/\/funerar.com.ar\/demo\/wp-json\/wp\/v2\/pages\/2139\/revisions"}],"predecessor-version":[{"id":2143,"href":"https:\/\/funerar.com.ar\/demo\/wp-json\/wp\/v2\/pages\/2139\/revisions\/2143"}],"wp:attachment":[{"href":"https:\/\/funerar.com.ar\/demo\/wp-json\/wp\/v2\/media?parent=2139"}],"curies":[{"name":"wp","href":"https:\/\/api.w.org\/{rel}","templated":true}]}}