{"id":2076,"date":"2025-09-15T23:36:01","date_gmt":"2025-09-15T21:36:01","guid":{"rendered":"https:\/\/funerar.com.ar\/demo\/product\/ataud-nuri\/"},"modified":"2025-09-15T23:39:56","modified_gmt":"2025-09-15T21:39:56","slug":"ataud-nuri","status":"publish","type":"product","link":"https:\/\/funerar.com.ar\/demo\/product\/ataud-nuri\/","title":{"rendered":"Ataud Nuri"},"content":{"rendered":"<h2 style=\"margin: 0px 0px 10px;padding: 0px;font-weight: 400;font-family: DauphinPlain;font-size: 24px;line-height: 24px\" data-mce-style=\"margin: 0px 0px 10px; padding: 0px; font-weight: 400; font-family: DauphinPlain; font-size: 24px; line-height: 24px;\">Nereden Gelir?<\/h2>\n<p>Yayg\u0131n inanc\u0131n tersine, Lorem Ipsum rastgele s\u00f6zc\u00fcklerden olu\u015fmaz. K\u00f6kleri M.\u00d6. 45 tarihinden bu yana klasik Latin edebiyat\u0131na kadar uzanan 2000 y\u0131ll\u0131k bir ge\u00e7mi\u015fi vard\u0131r. Virginia&#8217;daki Hampden-Sydney College&#8217;dan Latince profes\u00f6r\u00fc Richard McClintock, bir Lorem Ipsum pasaj\u0131nda ge\u00e7en ve anla\u015f\u0131lmas\u0131 en g\u00fc\u00e7 s\u00f6zc\u00fcklerden biri olan &#8216;consectetur&#8217; s\u00f6zc\u00fc\u011f\u00fcn\u00fcn klasik edebiyattaki \u00f6rneklerini inceledi\u011finde kesin bir kayna\u011fa ula\u015fm\u0131\u015ft\u0131r. Lorm Ipsum, \u00c7i\u00e7ero taraf\u0131ndan M.\u00d6. 45 tarihinde kaleme al\u0131nan \u00abde Finibus Bonorum et Malorum\u00bb (\u0130yi ve K\u00f6t\u00fcn\u00fcn U\u00e7 S\u0131n\u0131rlar\u0131) eserinin 1.10.32 ve 1.10.33 say\u0131l\u0131 b\u00f6l\u00fcmlerinden gelmektedir.\u00a0<\/p>\n","protected":false},"excerpt":{"rendered":"<p>Yayg\u0131n inanc\u0131n tersine, Lorem Ipsum rastgele s\u00f6zc\u00fcklerden olu\u015fmaz. K\u00f6kleri M.\u00d6. 45 tarihinden bu yana klasik Latin edebiyat\u0131na kadar uzanan 2000 y\u0131ll\u0131k bir ge\u00e7mi\u015fi vard\u0131r. Virginia&#8217;daki Hampden-Sydney College&#8217;dan Latince profes\u00f6r\u00fc Richard McClintock, bir Lorem Ipsum pasaj\u0131nda ge\u00e7en ve anla\u015f\u0131lmas\u0131 en g\u00fc\u00e7 s\u00f6zc\u00fcklerden biri olan &#8216;consectetur&#8217; s\u00f6zc\u00fc\u011f\u00fcn\u00fcn klasik edebiyattaki \u00f6rneklerini inceledi\u011finde kesin bir kayna\u011fa ula\u015fm\u0131\u015ft\u0131r.<\/p>\n","protected":false},"featured_media":2078,"comment_status":"open","ping_status":"closed","template":"","meta":{"site-sidebar-layout":"default","site-content-layout":"","ast-site-content-layout":"default","site-content-style":"default","site-sidebar-style":"default","ast-global-header-display":"","ast-banner-title-visibility":"","ast-main-header-display":"","ast-hfb-above-header-display":"","ast-hfb-below-header-display":"","ast-hfb-mobile-header-display":"","site-post-title":"","ast-breadcrumbs-content":"","ast-featured-img":"","footer-sml-layout":"","ast-disable-related-posts":"","theme-transparent-header-meta":"","adv-header-id-meta":"","stick-header-meta":"","header-above-stick-meta":"","header-main-stick-meta":"","header-below-stick-meta":"","astra-migrate-meta-layouts":"default","ast-page-background-enabled":"default","ast-page-background-meta":{"desktop":{"background-color":"var(--ast-global-color-4)","background-image":"","background-repeat":"repeat","background-position":"center center","background-size":"auto","background-attachment":"scroll","background-type":"","background-media":"","overlay-type":"","overlay-color":"","overlay-opacity":"","overlay-gradient":""},"tablet":{"background-color":"","background-image":"","background-repeat":"repeat","background-position":"center center","background-size":"auto","background-attachment":"scroll","background-type":"","background-media":"","overlay-type":"","overlay-color":"","overlay-opacity":"","overlay-gradient":""},"mobile":{"background-color":"","background-image":"","background-repeat":"repeat","background-position":"center center","background-size":"auto","background-attachment":"scroll","background-type":"","background-media":"","overlay-type":"","overlay-color":"","overlay-opacity":"","overlay-gradient":""}},"ast-content-background-meta":{"desktop":{"background-color":"var(--ast-global-color-5)","background-image":"","background-repeat":"repeat","background-position":"center center","background-size":"auto","background-attachment":"scroll","background-type":"","background-media":"","overlay-type":"","overlay-color":"","overlay-opacity":"","overlay-gradient":""},"tablet":{"background-color":"var(--ast-global-color-5)","background-image":"","background-repeat":"repeat","background-position":"center center","background-size":"auto","background-attachment":"scroll","background-type":"","background-media":"","overlay-type":"","overlay-color":"","overlay-opacity":"","overlay-gradient":""},"mobile":{"background-color":"var(--ast-global-color-5)","background-image":"","background-repeat":"repeat","background-position":"center center","background-size":"auto","background-attachment":"scroll","background-type":"","background-media":"","overlay-type":"","overlay-color":"","overlay-opacity":"","overlay-gradient":""}}},"product_brand":[],"product_cat":[44],"product_tag":[],"class_list":{"0":"post-2076","1":"product","2":"type-product","3":"status-publish","4":"has-post-thumbnail","6":"product_cat-ataudes","7":"desktop-align-left","8":"tablet-align-left","9":"mobile-align-left","11":"first","12":"instock","13":"shipping-taxable","14":"purchasable","15":"product-type-simple"},"_links":{"self":[{"href":"https:\/\/funerar.com.ar\/demo\/wp-json\/wp\/v2\/product\/2076","targetHints":{"allow":["GET"]}}],"collection":[{"href":"https:\/\/funerar.com.ar\/demo\/wp-json\/wp\/v2\/product"}],"about":[{"href":"https:\/\/funerar.com.ar\/demo\/wp-json\/wp\/v2\/types\/product"}],"replies":[{"embeddable":true,"href":"https:\/\/funerar.com.ar\/demo\/wp-json\/wp\/v2\/comments?post=2076"}],"version-history":[{"count":2,"href":"https:\/\/funerar.com.ar\/demo\/wp-json\/wp\/v2\/product\/2076\/revisions"}],"predecessor-version":[{"id":2079,"href":"https:\/\/funerar.com.ar\/demo\/wp-json\/wp\/v2\/product\/2076\/revisions\/2079"}],"wp:featuredmedia":[{"embeddable":true,"href":"https:\/\/funerar.com.ar\/demo\/wp-json\/wp\/v2\/media\/2078"}],"wp:attachment":[{"href":"https:\/\/funerar.com.ar\/demo\/wp-json\/wp\/v2\/media?parent=2076"}],"wp:term":[{"taxonomy":"product_brand","embeddable":true,"href":"https:\/\/funerar.com.ar\/demo\/wp-json\/wp\/v2\/product_brand?post=2076"},{"taxonomy":"product_cat","embeddable":true,"href":"https:\/\/funerar.com.ar\/demo\/wp-json\/wp\/v2\/product_cat?post=2076"},{"taxonomy":"product_tag","embeddable":true,"href":"https:\/\/funerar.com.ar\/demo\/wp-json\/wp\/v2\/product_tag?post=2076"}],"curies":[{"name":"wp","href":"https:\/\/api.w.org\/{rel}","templated":true}]}}